22 = 79. What is the greatest common factor of r and 1?
1
Let j(x) = -x**3 - 4*x**2 - 3*x - 3. Let z be j(-4). Let k = -28 - -10. Let o be (k/(-2))/((-2)/(-4)). Calculate the highest common divisor of o and z.
9
Suppose -379 = 4*o + 273. Let w = o - -30. Let x be (w/4)/(-7)*28. What is the greatest common divisor of x and 19?
19
Suppose 0 = 2*z + 2*x + 8, 0 = 5*x - 3*x - 6. Let c be (2 - z/(-2))/((-24)/176). What is the highest common divisor of c and 121?
11
Let n be (-32 - 1)/((-14)/(-14)). Let m(r) = -36*r**3 - r**2 + r + 1. Let v be m(-1). Let k = n + v. Calculate the highest common factor of k and 22.
2
Suppose -3*z + 992 = -v, -8*z + 3*z - 4*v + 1642 = 0. What is the greatest common divisor of z and 120?
30
Let s be 282/3 + 8/28*7. Let d = 73 + -49. Calculate the highest common factor of s and d.
24
Let k be 36/54 - (-3)/9. What is the greatest common divisor of 32 and k?
1
Let p = -17 + 10. Let d be (-22)/(-4)*(-42)/p. Let f = -18 + d. Calculate the highest common factor of 10 and f.
5
Suppose -3*h - 297 = -b + h, 5*b + 4*h = 1485. Calculate the greatest common factor of 18 and b.
9
Let u(n) = -5*n + 10. Let r(c) = -6*c + 9. Let m(i) = -4*r(i) + 5*u(i). Let q be m(5). What is the greatest common divisor of q and 9?
9
Let x(y) = -4 + 5 + 9*y**2 + 11*y**2. Let z be x(-1). What is the greatest common factor of 3 and z?
3
Let h(j) = -2*j**2 - 80*j - 44. Let f be h(-39). Let q(a) = 19*a + 7. Let v be q(5). What is the greatest common divisor of v and f?
34
Let b(i) = -18*i - 16. Let n be b(6). Let f = n - -146. Calculate the highest common divisor of f and 11.
11
Suppose 0 = -3*y - 3, 81 = 3*j - 3*y. Suppose 4*d - j = 14. Calculate the highest common factor of d and 30.
10
Let z be ((-12)/(-33))/2 + 815/55. Let v(s) = -s**2 + s + 4. Let y be v(4). Let a be y/(-3) - 2/(-6). What is the highest common divisor of a and z?
3
Let r be 2/14*7*6*22. What is the highest common divisor of r and 12?
12
Suppose 0 = 13*y - 14*y + 3. Let q be (y/9 - 2528/(-12)) + -2. Calculate the greatest common factor of 19 and q.
19
Let g be 82/14 - (-1)/7. Let k = -35 + 53. What is the highest common factor of g and k?
6
Let g(y) = -13*y - 248. Let m be g(-25). Calculate the highest common factor of m and 33.
11
Let p(i) = -i**3 - 5*i**2 + i - 6. Let v be (-25)/5*(-1)/(-1). Let d be ((-45)/v)/(9/(-6)). Let t be p(d). Calculate the greatest common factor of t and 264.
24
Suppose 19*s = 5542 + 1298. What is the highest common factor of 45 and s?
45
Suppose 10*f - 160 = 120. Let n be 0 + (-4 - -2)*-4. What is the greatest common divisor of n and f?
4
Let v = 109 + -156. Let b = v + 23. Let z = b - -44. What is the greatest common factor of 140 and z?
20
Let w = -72 + 75. Calculate the highest common factor of 93 and w.
3
Let t = 251 - 151. Suppose -2*z + 350 = t. What is the highest common factor of 50 and z?
25
Let d(j) = 2*j - 3. Let x be d(4). Suppose -5*b + 3*b - 11 = -x*h, -5*b + 5*h - 5 = 0. What is the greatest common divisor of 16 and b?
2
Let h(r) = -4*r + 85 - 33 + 3*r. Let q be h(-11). What is the highest common factor of 9 and q?
9
Let j(d) = -d**2 - 38*d + 88. Let s be j(-40). What is the highest common factor of 176 and s?
8
Suppose -33*p + 13*p + 5060 = 0. Calculate the highest common factor of 92 and p.
23
Suppose 2*m = 3*h - 23, -2*m + 6*m = 4*h - 24. What is the greatest common factor of 308 and h?
11
Let q = 6945 - 6705. Suppose -r = -22 - 8. Calculate the greatest common factor of q and r.
30
Let a(g) = 2*g**2 + 7*g - 12. Let v be 1 + 1 - 1/(4/(-4)). Let o be a(v). Calculate the highest common factor of o and 27.
27
Let y be (-70)/(-5) - (-5 + 5). What is the greatest common factor of 10 and y?
2
Let n(x) = -12*x. Suppose 7*v + 25 = 2*v. Let w be n(v). Let p(d) = 14*d**2 + 190*d + 116. Let y be p(-13). What is the highest common divisor of y and w?
12
Let k be (-20978)/(-306) - 4/(-9). What is the highest common factor of 92 and k?
23
Suppose 0 = 6*p + 26*p - 4352. Let n = -2 + 2. Suppose 0 = -5*s - 3*x + 82, s = -n*s + 4*x + 21. What is the greatest common factor of s and p?
17
Let g(i) = 11 + 6 + i + 44. Let u be g(-22). Calculate the highest common divisor of 351 and u.
39
Let c be (-9)/(225/(-1810))*-5. Let w = -180 - c. Suppose 0 = -4*q + 2*q + w. Calculate the highest common divisor of 13 and q.
13
Let o be (-18)/9*-7 - 2. What is the greatest common factor of o and 204?
12
Let m be 812 - ((-29)/7 - 9/(-63)). What is the highest common divisor of 102 and m?
102
Let z = 31 - 26. Suppose 249 - 50 = z*g - p, 5*g - 204 = -4*p. What is the greatest common divisor of g and 60?
20
Let b(u) = u**3 + 20*u**2 + 63*u - 4. Let v be b(-16). What is the highest common factor of v and 96?
12
Let a = 1908 - 1833. Suppose 4*q = 4*z + 72, -2*q - 5*z = -1 - 14. What is the highest common divisor of q and a?
15
Let y = 71 + 55. Let z be -3*(-3)/(-45) + 16/5. Let r be (-8 - -3) + 3 - (-48)/z. What is the greatest common divisor of y and r?
14
Let v(g) = -g**3 + 25*g**2 - 24*g + 30. Let q be v(22). What is the greatest common factor of q and 54?
18
Let w be 2 + 3 - (-6)/(-12)*-452. What is the highest common divisor of w and 33?
33
Let s(q) = 6*q + 40. Let x be s(-6). Suppose 5*a - 288 = -x*t, -2*a = t - 71 - 46. Calculate the greatest common factor of a and 150.
30
Let l be 120 - -20*7/(-28). Calculate the highest common factor of 391 and l.
23
Suppose 5*o = 5 + 45. Let y(i) = i**2 - 9*i + 14. Let z be y(10). Suppose 2*b + 8 = 5*b - g, 3*g - z = -3*b. What is the greatest common divisor of o and b?
2
Let j = 318 - -10. Calculate the highest common divisor of 8 and j.
8
Let p = 16 + -16. Let l(u) = p*u**2 - 9 - 2*u - u**2 + 0*u**2 - 6*u. Let w be l(-6). What is the highest common divisor of w and 33?
3
Let m(r) = r**3 + 8*r**2 + 7*r - 15. Let v be m(-3). Calculate the greatest common factor of 9 and v.
9
Let u = -580 - -1124. Calculate the greatest common divisor of 34 and u.
34
Let w be 138/(-322)*(-182)/6. What is the greatest common factor of 247 and w?
13
Let j(u) = 2*u**2 - 5*u - 21. Let x be j(6). What is the greatest common divisor of x and 168?
21
Suppose -12*g + 2618 = 2*g. What is the greatest common divisor of 22 and g?
11
Let c be 12/(-8) - 120/(-16). What is the greatest common factor of c and 138?
6
Let o(c) = 3*c**2 + 2*c + 1. Let b be o(-1). Suppose -p - 6*m + 9 = -b*m, -27 = -3*p - m. Calculate the highest common factor of 81 and p.
9
Let i = -55 + 43. Let f(w) = -w**2 - 15*w - 12. Let u be f(i). Let q be 11/4 + 1/4. Calculate the greatest common divisor of u and q.
3
Suppose 10 + 26 = -2*i. Let p be 5/(75/i)*-95. Suppose -2*t = 5*w - 118, -t - p = -3*t - 3*w. What is the highest common divisor of t and 18?
18
Suppose 0 = -5*c + c - 52. Let t = -13 - c. Suppose 5*q - 222 - 493 = t. Calculate the highest common factor of 13 and q.
13
Let v = 42 + -42. Let w be v - -108 - 4*1. What is the greatest common divisor of w and 13?
13
Suppose -23*n + 21*n + 38 = 0. Let r be (38/8)/((-5 + -1)/(-24)). What is the highest common factor of n and r?
19
Let u = 73 + -51. Calculate the greatest common factor of u and 352.
22
Suppose 3*c - c + 5*y - 267 = 0, 3*c - 4*y = 435. Suppose 0 = -4*i - c - 123. Let z be 3/2*i/(-9). What is the greatest common divisor of 11 and z?
11
Let d be (1 + -2 - -61)/1. Suppose -4*a - a - 2*j = -75, 2*j = 4*a - d. Let y be (360/(-288))/(1/(-132)). Calculate the highest common factor of a and y.
15
Suppose -4*g + 108 = 4*x, -3*x = 2*g - 0*g - 57. Let q be 1 - (-2 + 2) - 393. Let c = -200 - q. Calculate the greatest common divisor of c and g.
24
Let w = 6 - 5. Let y(l) = 128*l - 2. Let a be y(w). Let f be ((-16)/(-12))/(3/a). What is the greatest common divisor of 7 and f?
7
Suppose -1791 - 3039 = -14*v. What is the highest common factor of 69 and v?
69
Let u = 694 - 684. Calculate the highest common divisor of 35 and u.
5
Let y be 0 + 1 - (-3 - -74). Let z = y - -260. Suppose -6*c - 5*x = -c - z, 3*c + 2*x - 110 = 0. What is the highest common factor of 17 and c?
17
Let x be (-8)/(-28) - 235/(-35). Let o(g) = 3*g**2 - 3*g + 14. Let l be o(x). Calculate the greatest common factor of 56 and l.
28
Suppose 29*y + 27719 = 93085. Calculate the greatest common factor of 98 and y.
98
Suppose -j + 5*q = -250, -j = -4*j - 2*q + 767. Calculat